2*m + 2 + 5*m + m**2. What is the remainder when v(f) is divided by 9?
8
Let c(y) = y**3 - 5*y**2 - 2*y + 10. Calculate the remainder when c(6) is divided by 11.
1
Let w = -75 - -183. Calculate the remainder when w is divided by 22.
20
Suppose 4*i - 17 - 19 = 0. Suppose 419 + 611 = -5*y. What is the remainder when (-1)/(-4) - y/8 is divided by i?
8
Let s(h) = h**3 + h**2 - h + 8. Suppose -v - 21 = 2*v. Let d = 10 + v. What is the remainder when s(0) is divided by d?
2
Suppose -5*z + 20 = -r, -3*z = -5*r + 6 + 4. What is the remainder when 103/z + 4/10 is divided by 11?
10
Calculate the remainder when 23 is divided by 2/11 - 679/(-77).
5
Suppose 0 = m + 3*m - 60. Suppose 0 = 3*w - 5*a - 44, -2*w + 3*w - a - 12 = 0. What is the remainder when m is divided by w?
7
Let w(f) = 5*f - 12. What is the remainder when w(5) is divided by 7?
6
Suppose 5*p - 26 + 126 = 0. Calculate the remainder when 46 is divided by (32/(-10))/(4/p).
14
Calculate the remainder when 0 + 1 + (-256)/(-8) is divided by 18.
15
Let k(z) = -5 + 5*z**2 + 1 - 4*z**2 + 7*z. Let f be k(-7). What is the remainder when 13 is divided by (-94)/(-14) - f/14?
6
Suppose 10 = -2*j, -2*y + 23 = y - 4*j. Let i(k) = 2*k**3 + 11*k**2 - k**3 - k - 6 - 4*k**2. Calculate the remainder when y is divided by i(-7).
0
Let i(o) = o**3 - o**2 + 3*o - 2. Calculate the remainder when 30 is divided by i(2).
6
Suppose 0 = -4*a + 123 + 81. Calculate the remainder when a is divided by 13.
12
Let o = -156 - -169. Let r = 0 + 1. Suppose -i + 23 = -r. What is the remainder when i is divided by o?
11
Suppose 83 + 27 = 2*m + 2*o, m + 5*o = 71. What is the remainder when m is divided by 13?
12
Let j(d) be the second derivative of -d**5/20 + d**4/6 + d**3/6 - d**2/2 - d. Calculate the remainder when 37 is divided by j(-2).
11
Suppose -5*a = r - 25, 4*r + r - 25 = 0. What is the remainder when 8 is divided by a?
0
Let l = -137 + 88. Let z = 36 - 13. Calculate the remainder when z is divided by 2/(-8) - l/4.
11
Suppose 2*d - 6*d = 0. Let x = 6 + -5. Let b = x - d. Calculate the remainder when 1 is divided by b.
0
Suppose -4*n + 4*c + 13 = -3*n, n - 1 = -2*c. Calculate the remainder when 24 is divided by n.
4
Let a = 62 - -38. What is the remainder when a is divided by 26?
22
Let b(z) = 2*z**3 - 3*z**2 + 2*z - 1. Suppose -r - j = r - 112, 0 = 5*r + 2*j - 280. What is the remainder when b(3) is divided by r/5 - (-1)/(-5)?
10
Suppose -25 = -0*x + x. Let w = 37 + x. What is the remainder when w is divided by 5?
2
Let r(b) = b**3 + 11*b**2 - 11*b + 4. Let p be r(-12). Let s(f) = -f + 2. Calculate the remainder when 18 is divided by s(p).
8
Let v = 38 - 34. Calculate the remainder when 6 is divided by v.
2
Let b(a) = a**2 + a + 1. What is the remainder when (-21)/(-1) - (-4)/(-7 + 3) is divided by b(-3)?
6
Suppose -7*v - 280 = -11*v. What is the remainder when v is divided by 15?
10
Let n = -67 - -137. Let r = n - 49. What is the remainder when 40 is divided by r?
19
Suppose -3*j = -j - 4*l - 78, -101 = -4*j - 3*l. What is the remainder when 114 is divided by j?
27
Let v = -13 - -27. Let f(r) = 4*r - 7. Calculate the remainder when f(8) is divided by v.
11
Suppose 0 = -0*y - 5*y - j + 126, 0 = j + 4. What is the remainder when y is divided by 14?
12
Suppose 3*m - 4*h - 20 = -4, -3*m + 31 = -h. Let u = 14 + -28. Let v = u - -48. What is the remainder when v is divided by m?
10
Let w = 13 + 49. What is the remainder when w is divided by 17?
11
Let p(h) = -h**3 - h**2 + h - 2. Let i be p(-2). Suppose i*s + 5*s = 115. Calculate the remainder when 67 is divided by s.
21
Suppose 3*h = h + 2. Calculate the remainder when h is divided by 3 + -2 + 3 + -3.
0
Let z(h) = -16*h - 4. What is the remainder when z(-4) is divided by 21?
18
Let b(i) = -i**3 - i**2 - i. Let d be b(0). Suppose 2*q + 2*j + d*j = 20, -2*q - j + 21 = 0. What is the remainder when 21 is divided by q?
10
Let a be 6*(-3 + 10/4). Let p = -1 - a. Suppose -12 = -p*f + 4. Calculate the remainder when f is divided by 5.
3
Let x = 17 + -30. Let o = x - -26. What is the remainder when 25 is divided by o?
12
Suppose -87 = -4*d + 17. Suppose n = 3*a - 6, n + 0*n - 4 = -2*a. Calculate the remainder when d is divided by (9/2)/(1/a).
8
Let r be (-2)/(-7) - (-132)/(-21). Let z(o) = -3*o**2 - 5*o + 8. Let m be z(r). What is the remainder when 23 is divided by m/(-6) - (-5)/15?
11
Suppose 2*f + 0*f = 14. Suppose -p + 5 = 3*x, p + 3*p - 6 = -5*x. Calculate the remainder when f is divided by x.
1
Let a(s) = s**2 - 4*s - 2. Suppose -i + 43 = -5*v, 0 + 3 = i + 5*v. Calculate the remainder when a(-5) is divided by i.
20
Let l(c) = -c**2 - 10*c - 5. Calculate the remainder when l(-4) is divided by 7.
5
Suppose -o + w + 23 = 0, 2*o + w + w = 30. Calculate the remainder when 35 is divided by o.
16
Let k(i) = -6 + 5 - 3 - 5*i. What is the remainder when 61 is divided by k(-5)?
19
Suppose 2 = -m - 2. Calculate the remainder when (0 - m)*126/8 is divided by 33.
30
Suppose -2*j + 19 = -4*s + 329, 4*s = -3*j + 305. What is the remainder when s is divided by 13?
12
Let y(n) = -6*n**2 + 6*n + 1. Let f(u) = -u**2 + u - 1. Let t(r) = 4*f(r) - y(r). Calculate the remainder when t(-5) is divided by 29.
26
Let r = 216 + -89. Calculate the remainder when r is divided by 43.
41
Suppose -3*m = 10 - 16. Suppose -4*b - 20 = -m*u, -5*u + 2*b = b - 86. Calculate the remainder when u is divided by 7.
4
Let w(p) = 11*p - 13. Let m be w(13). Let g = -63 + m. What is the remainder when g is divided by 23?
21
Let t = -7 - -17. Calculate the remainder when 46 is divided by t.
6
Suppose 5*m - 70 = -0*m. Calculate the remainder when 48 is divided by m.
6
Suppose -z = -5*u - 0*z - 22, 0 = 2*u + 4*z. Calculate the remainder when 37 is divided by (-3)/(-4) - 77/u.
17
Suppose 5*f - 808 = -3*f. Suppose 0 = 5*v - 24 - 106. What is the remainder when f is divided by v?
23
Let h be (-5)/25 - 192/(-10). Suppose -4*b - s - 5 + 18 = 0, -h = 3*b - 5*s. Calculate the remainder when 4 is divided by b.
0
Let w be -4*((-2)/4 - -1). What is the remainder when (4/6)/(w/(-69)) is divided by 9 + -1*2/2?
7
Calculate the remainder when 3 - -1*(50 - -3) is divided by 19.
18
What is the remainder when 42 is divided by 3 + 16 - 12/3?
12
Let g be 14 - 2 - 2/1. Suppose 3*t = t + g. Suppose -13*d = -8*d - 3*m - 91, -2*m + 30 = 2*d. What is the remainder when d is divided by t?
2
Let d = 30 - 24. What is the remainder when 22 is divided by d?
4
Suppose -5*n - 20 = 0, o = -n - 3*n + 2. Suppose -w + o = 2*w. What is the remainder when 20 is divided by (4/w)/((-6)/(-99))?
9
Suppose 0 = 3*o + 2*p - 129, -5*o + 4*o - p + 44 = 0. Suppose 4*g = 2*h - 42, -g + 3*g = -h + 1. Calculate the remainder when o is divided by h.
8
Let u(w) = 9*w + 15. Calculate the remainder when u(4) is divided by 13.
12
Let k = -50 + 13. Suppose p - 2 = 4. Calculate the remainder when (-2)/(p/3) - k is divided by 19.
17
Calculate the remainder when 9 is divided by 3*1*(-100)/(-60).
4
Let i = -123 - -141. What is the remainder when 35 is divided by i?
17
Suppose 34 = 2*g - 24. Let k = g - 20. Suppose 2*n = 10, -4*z + 2*n = 11 - 105. Calculate the remainder when z is divided by k.
8
Suppose 0*v + v = 1, -i - 3*v = -5. Suppose 0*b = i*b - 4. Suppose 3*t - 5*s = 25, -b*t - 3*s + 3 = -1. Calculate the remainder when 9 is divided by t.
4
Suppose 4 = -3*g - g. Let x = g + 4. Suppose 4*d - 8 = -0. What is the remainder when x is divided by d?
1
Suppose 0 = 2*v + 3*u - 269, -2*v = 2*v + 5*u - 537. What is the remainder when v is divided by 34?
31
Let t(w) = -w**2 + 5*w - 2. Let d = 5 - 2. Suppose 6 + 7 = d*l - 5*k, 0 = -4*l + 2*k + 8. Calculate the remainder when t(4) is divided by l.
0
Let p = 93 - 92. What is the remainder when 6 is divided by p?
0
Let h(m) = m**2 + m + 3. Calculate the remainder when h(-5) is divided by 8.
7
Let g(s) = -9*s**3 + s**2 - s - 1. Calculate the remainder when 27 is divided by g(-1).
7
Suppose m + v + 2*v + 264 = 0, 2*m + 4*v = -536. Suppose 2*d + d + 6 = 0. Calculate the remainder when (m/9)/(d/3) is divided by 12.
10
Let i(v) = 33*v. Let m be i(1). Suppose 0 = z - m + 1. What is the remainder when z is divided by 17?
15
Calculate the remainder when 29 is divided by ((-16)/(-3))/((-2)/(-6)).
13
Let w(a) = -a**3 - 7*a**2 - a - 6. Suppose -y - 3 = 